{"id":137,"date":"2021-10-20T05:27:13","date_gmt":"2021-10-20T05:27:13","guid":{"rendered":"https:\/\/jaslice-kranj.si\/?page_id=137"},"modified":"2025-12-24T18:57:56","modified_gmt":"2025-12-24T18:57:56","slug":"2011-sveta-dezela","status":"publish","type":"page","link":"https:\/\/jaslice-kranj.si\/?page_id=137","title":{"rendered":"2011 Sveta de\u017eela v \u010dasu Jezusovega rojstva"},"content":{"rendered":"<p>Jaslice smo \u017eeleli postaviti v pravem betlehemskem okolju.&nbsp;Poleg mahu smo za upodobitev narave uporabili precej mivke in skal.&nbsp;Vse stavbe, obzidje in drugi objekti so bili izdelani iz siporeksa. Da bi se la\u017eje osredoto\u010dili na objekte in druge detajle, smo dokupili manj\u0161e figure, vklju\u010dno s Sveto dru\u017eino. S tem smo lahko dodatno razvijali na\u0161o ustvarjalno domi\u0161ljijo. Pri pripravi teh jaslic smo prvi\u010d uporabili barvno led razsvetljavo.<\/p>\n<p><img loading=\"lazy\" decoding=\"async\" class=\"wp-image-138 size-large aligncenter\" src=\"https:\/\/jaslice-kranj.si\/wp-content\/uploads\/2021\/10\/2011-Betlehem-1024x768.jpg\" alt=\"\" width=\"800\" height=\"600\" srcset=\"https:\/\/jaslice-kranj.si\/wp-content\/uploads\/2021\/10\/2011-Betlehem-1024x768.jpg 1024w, https:\/\/jaslice-kranj.si\/wp-content\/uploads\/2021\/10\/2011-Betlehem-300x225.jpg 300w, https:\/\/jaslice-kranj.si\/wp-content\/uploads\/2021\/10\/2011-Betlehem-768x576.jpg 768w, https:\/\/jaslice-kranj.si\/wp-content\/uploads\/2021\/10\/2011-Betlehem-1536x1152.jpg 1536w, https:\/\/jaslice-kranj.si\/wp-content\/uploads\/2021\/10\/2011-Betlehem-2048x1536.jpg 2048w\" sizes=\"auto, (max-width: 800px) 100vw, 800px\" \/><\/p>\n","protected":false},"excerpt":{"rendered":"<p>Jaslice smo \u017eeleli postaviti v pravem betlehemskem okolju.&nbsp;Poleg mahu smo za upodobitev narave uporabili precej mivke in skal.&nbsp;Vse stavbe, obzidje in drugi objekti so bili izdelani iz siporeksa. Da bi se la\u017eje osredoto\u010dili na objekte in druge detajle, smo dokupili manj\u0161e figure, vklju\u010dno s Sveto dru\u017eino. S tem smo lahko dodatno razvijali na\u0161o ustvarjalno domi\u0161ljijo. Pri pripravi teh jaslic smo prvi\u010d uporabili barvno led razsvetljavo.<\/p>\n","protected":false},"author":1,"featured_media":0,"parent":0,"menu_order":0,"comment_status":"closed","ping_status":"closed","template":"","meta":{"ngg_post_thumbnail":0,"footnotes":""},"class_list":["post-137","page","type-page","status-publish"],"_links":{"self":[{"href":"https:\/\/jaslice-kranj.si\/index.php?rest_route=\/wp\/v2\/pages\/137","targetHints":{"allow":["GET"]}}],"collection":[{"href":"https:\/\/jaslice-kranj.si\/index.php?rest_route=\/wp\/v2\/pages"}],"about":[{"href":"https:\/\/jaslice-kranj.si\/index.php?rest_route=\/wp\/v2\/types\/page"}],"author":[{"embeddable":true,"href":"https:\/\/jaslice-kranj.si\/index.php?rest_route=\/wp\/v2\/users\/1"}],"replies":[{"embeddable":true,"href":"https:\/\/jaslice-kranj.si\/index.php?rest_route=%2Fwp%2Fv2%2Fcomments&post=137"}],"version-history":[{"count":5,"href":"https:\/\/jaslice-kranj.si\/index.php?rest_route=\/wp\/v2\/pages\/137\/revisions"}],"predecessor-version":[{"id":493,"href":"https:\/\/jaslice-kranj.si\/index.php?rest_route=\/wp\/v2\/pages\/137\/revisions\/493"}],"wp:attachment":[{"href":"https:\/\/jaslice-kranj.si\/index.php?rest_route=%2Fwp%2Fv2%2Fmedia&parent=137"}],"curies":[{"name":"wp","href":"https:\/\/api.w.org\/{rel}","templated":true}]}}